{"id":378,"date":"2023-05-01T20:04:11","date_gmt":"2023-05-01T20:04:11","guid":{"rendered":"http:\/\/tatuape.hostguiase.com.br\/ciano\/?post_type=product&#038;p=378"},"modified":"2023-05-01T20:08:35","modified_gmt":"2023-05-01T20:08:35","slug":"calador-de-sacarias-para-graos-em-inox-50cm","status":"publish","type":"product","link":"https:\/\/tatuape.hostguiase.com.br\/ciano\/produto\/calador-de-sacarias-para-graos-em-inox-50cm\/","title":{"rendered":"Calador de Sacarias para Gr\u00e3os em Inox (50cm)"},"content":{"rendered":"<p>O calador de sacaria em a\u00e7o inox \u00e9 utilizado para coletar amostras\u00a0 de gr\u00e3os em sacarias. Garantindo uma amostragem mais confi\u00e1vel e precisa nas an\u00e1lises de gr\u00e3os sem danificar as sacas.<\/p>\n<p><strong>ESPECIFICA\u00c7\u00d5ES T\u00c9CNICAS:<\/strong><\/p>\n<p>Medidas sob consulta.<\/p>\n","protected":false},"excerpt":{"rendered":"<p>O calador de sacaria em a\u00e7o inox \u00e9 utilizado para coletar amostras\u00a0 de gr\u00e3os em sacarias. Garantindo uma amostragem mais confi\u00e1vel e precisa nas an\u00e1lises de gr\u00e3os sem danificar as sacas.<\/p>\n<p><strong>ESPECIFICA\u00c7\u00d5ES T\u00c9CNICAS:<\/strong><\/p>\n<p>Medidas sob consulta.<\/p>\n<p>O calador de sacaria em a\u00e7o inox \u00e9 utilizado para coletar amostras\u00a0 de gr\u00e3os em sacarias. Garantindo uma amostragem mais confi\u00e1vel e precisa nas an\u00e1lises de gr\u00e3os sem danificar as sacas.<\/p>\n<p><strong>ESPECIFICA\u00c7\u00d5ES T\u00c9CNICAS:<\/strong><\/p>\n<p>Medidas sob consulta.<\/p>\n","protected":false},"featured_media":371,"template":"","meta":[],"product_cat":[31],"product_tag":[37,38,39,34,40,41,36,35,42,43,44],"class_list":{"0":"post-378","1":"product","2":"type-product","3":"status-publish","4":"has-post-thumbnail","5":"hentry","6":"product_cat-sondas-e-coletores","7":"product_tag-agitadores","8":"product_tag-destiladores","9":"product_tag-durometro","10":"product_tag-engenharia-de-equipamentos","11":"product_tag-espectro","12":"product_tag-exaustor","13":"product_tag-laboratorios-fisicos","14":"product_tag-laboratorios-quimicos","15":"product_tag-medidor-de-ph","16":"product_tag-vidrarias","17":"product_tag-viscosimetro","19":"entry","20":"has-media","21":"owp-thumbs-layout-horizontal","22":"owp-btn-normal","23":"owp-tabs-layout-horizontal"},"_links":{"self":[{"href":"https:\/\/tatuape.hostguiase.com.br\/ciano\/wp-json\/wp\/v3\/product\/378","targetHints":{"allow":["GET"]}}],"collection":[{"href":"https:\/\/tatuape.hostguiase.com.br\/ciano\/wp-json\/wp\/v3\/product"}],"about":[{"href":"https:\/\/tatuape.hostguiase.com.br\/ciano\/wp-json\/wp\/v2\/types\/product"}],"wp:featuredmedia":[{"embeddable":true,"href":"https:\/\/tatuape.hostguiase.com.br\/ciano\/wp-json\/wp\/v2\/media\/371"}],"wp:attachment":[{"href":"https:\/\/tatuape.hostguiase.com.br\/ciano\/wp-json\/wp\/v2\/media?parent=378"}],"wp:term":[{"taxonomy":"product_cat","embeddable":true,"href":"https:\/\/tatuape.hostguiase.com.br\/ciano\/wp-json\/wp\/v2\/product_cat?post=378"},{"taxonomy":"product_tag","embeddable":true,"href":"https:\/\/tatuape.hostguiase.com.br\/ciano\/wp-json\/wp\/v2\/product_tag?post=378"}],"curies":[{"name":"wp","href":"https:\/\/api.w.org\/{rel}","templated":true}]}}