{"id":1275,"date":"2023-01-26T15:52:32","date_gmt":"2023-01-26T15:52:32","guid":{"rendered":"https:\/\/tatuape.hostguiase.com.br\/vinho\/?post_type=product&#038;p=1275"},"modified":"2023-01-26T15:58:27","modified_gmt":"2023-01-26T15:58:27","slug":"vinho-tinto-portugues-seixedo-750ml","status":"publish","type":"product","link":"https:\/\/tatuape.hostguiase.com.br\/vinho\/produto\/vinho-tinto-portugues-seixedo-750ml\/","title":{"rendered":"Vinho Tinto Portugu\u00eas Seixedo &#8211; 750ml"},"content":{"rendered":"<p>A <strong>Ler e Vinhos<\/strong> traz para voc\u00ea o\u00a0 Vinho Tinto Portugu\u00eas Seixedo.\u00a0\u00a0De cor rubi profunda, apresenta intensas notas de frutas vermelhas, onde sobressaem amoras e groselhas, completadas por suaves nuances de especiarias. \u00a0Uma explos\u00e3o de aromas\u00a0 com um ligeiro toque de do\u00e7ura.<\/p>\n<p>&nbsp;<\/p>\n<p><strong>Harmoniza\u00e7\u00e3o:\u00a0 <\/strong>Carnes vermelhas e massas com molho.<\/p>\n<p>&nbsp;<\/p>\n<p>&nbsp;<\/p>\n<p>A VENDA DE BEBIDAS ALCO\u00d3LICAS \u00c9 PROIBIDA PARA MENORES DE 18 ANOS. BEBA COM MODERA\u00c7\u00c3O.<\/p>\n","protected":false},"excerpt":{"rendered":"<p>A Ler e Vinhos traz para voc\u00ea o\u00a0 Vinho Tinto Portugu\u00eas Seixedo.\u00a0\u00a0De cor rubi profunda, apresenta intensas notas de frutas vermelhas, onde sobressaem amoras e groselhas, completadas por suaves nuances de especiarias. \u00a0Uma explos\u00e3o de aromas\u00a0 com um ligeiro toque de do\u00e7ura. &nbsp; Harmoniza\u00e7\u00e3o:\u00a0 Carnes vermelhas e massas com molho. &nbsp; &nbsp; A VENDA DE [&hellip;]<\/p>\n","protected":false},"featured_media":794,"comment_status":"open","ping_status":"closed","template":"","meta":[],"product_cat":[61,55,46],"product_tag":[38,43,42,36,39,37,41,40,35],"class_list":["post-1275","product","type-product","status-publish","has-post-thumbnail","hentry","product_cat-blend","product_cat-portugal","product_cat-vinho-tinto","product_tag-espumantes","product_tag-vinho-cabernet-sauvignon","product_tag-vinho-malbec","product_tag-vinhos-brancos","product_tag-vinhos-do-porto","product_tag-vinhos-roses","product_tag-vinhos-secos","product_tag-vinhos-suaves","product_tag-vinhos-tintos"],"_links":{"self":[{"href":"https:\/\/tatuape.hostguiase.com.br\/vinho\/wp-json\/wp\/v2\/product\/1275","targetHints":{"allow":["GET"]}}],"collection":[{"href":"https:\/\/tatuape.hostguiase.com.br\/vinho\/wp-json\/wp\/v2\/product"}],"about":[{"href":"https:\/\/tatuape.hostguiase.com.br\/vinho\/wp-json\/wp\/v2\/types\/product"}],"replies":[{"embeddable":true,"href":"https:\/\/tatuape.hostguiase.com.br\/vinho\/wp-json\/wp\/v2\/comments?post=1275"}],"wp:featuredmedia":[{"embeddable":true,"href":"https:\/\/tatuape.hostguiase.com.br\/vinho\/wp-json\/wp\/v2\/media\/794"}],"wp:attachment":[{"href":"https:\/\/tatuape.hostguiase.com.br\/vinho\/wp-json\/wp\/v2\/media?parent=1275"}],"wp:term":[{"taxonomy":"product_cat","embeddable":true,"href":"https:\/\/tatuape.hostguiase.com.br\/vinho\/wp-json\/wp\/v2\/product_cat?post=1275"},{"taxonomy":"product_tag","embeddable":true,"href":"https:\/\/tatuape.hostguiase.com.br\/vinho\/wp-json\/wp\/v2\/product_tag?post=1275"}],"curies":[{"name":"wp","href":"https:\/\/api.w.org\/{rel}","templated":true}]}}