{"id":666,"date":"2023-01-06T21:24:01","date_gmt":"2023-01-06T21:24:01","guid":{"rendered":"https:\/\/tatuape.hostguiase.com.br\/vinho\/?post_type=product&#038;p=666"},"modified":"2023-01-25T00:14:26","modified_gmt":"2023-01-25T00:14:26","slug":"vinho-tinto-chileno-ola-po-merlot-750ml","status":"publish","type":"product","link":"https:\/\/tatuape.hostguiase.com.br\/vinho\/produto\/vinho-tinto-chileno-ola-po-merlot-750ml\/","title":{"rendered":"Vinho Tinto Chileno Ol\u00e1 P\u00f4  Merlot &#8211; 750ml"},"content":{"rendered":"<p>A <strong>Ler e Vinhos<\/strong> traz para voc\u00ea o Tinto Chileno Ol\u00e1 P\u00f4. 100% uva Merlot do Valle de Curic\u00f3, no Chile.<\/p>\n<div>Esse tinto seco fica ainda melhor acompanhado de carnes vermelhadas grelhadas e queijos.<\/div>\n<div>O termo &#8220;Ola, poh ! \u00e9 uma g\u00edria comum na cultura chilena. Aqui no Brasil, pode ser comparada ao simp\u00e1tico &#8220;oxente&#8221; nordestino ou ao marcante &#8220;uai&#8221; mineiro.<\/div>\n<p>&nbsp;<\/p>\n<p>A TDP Wines \u00e9 um projeto em constante busca dos melhores terroirs para a elabora\u00e7\u00e3o de vinhos de excelente custo-benef\u00edcio. Criada pelo en\u00f3logo e empreendedor do vinho Tiago Dal Pizzol, a TDP Wines representa o sonho e o compromisso de um apaixonado pela bebida de Baco.<\/p>\n<p>&nbsp;<\/p>\n<p><strong>Harmoniza\u00e7\u00e3o: <\/strong>carnes grelhadas e pratos do dia-a-dia.<\/p>\n<p>&nbsp;<\/p>\n<p>A VENDA DE BEBIDAS ALCO\u00d3LICAS \u00c9 PROIBIDA PARA MENORES DE 18 ANOS. BEBA COM MODERA\u00c7\u00c3O.<\/p>\n","protected":false},"excerpt":{"rendered":"<p>A Ler e Vinhos traz para voc\u00ea o Tinto Chileno Ol\u00e1 P\u00f4. 100% uva Merlot do Valle de Curic\u00f3, no Chile. Esse tinto seco fica ainda melhor acompanhado de carnes vermelhadas grelhadas e queijos. O termo &#8220;Ola, poh ! \u00e9 uma g\u00edria comum na cultura chilena. Aqui no Brasil, pode ser comparada ao simp\u00e1tico &#8220;oxente&#8221; [&hellip;]<\/p>\n","protected":false},"featured_media":658,"comment_status":"open","ping_status":"closed","template":"","meta":[],"product_cat":[57,51,46],"product_tag":[38,43,42,36,39,37,41,40,35],"class_list":["post-666","product","type-product","status-publish","has-post-thumbnail","hentry","product_cat-merlot","product_cat-chile","product_cat-vinho-tinto","product_tag-espumantes","product_tag-vinho-cabernet-sauvignon","product_tag-vinho-malbec","product_tag-vinhos-brancos","product_tag-vinhos-do-porto","product_tag-vinhos-roses","product_tag-vinhos-secos","product_tag-vinhos-suaves","product_tag-vinhos-tintos"],"_links":{"self":[{"href":"https:\/\/tatuape.hostguiase.com.br\/vinho\/wp-json\/wp\/v2\/product\/666","targetHints":{"allow":["GET"]}}],"collection":[{"href":"https:\/\/tatuape.hostguiase.com.br\/vinho\/wp-json\/wp\/v2\/product"}],"about":[{"href":"https:\/\/tatuape.hostguiase.com.br\/vinho\/wp-json\/wp\/v2\/types\/product"}],"replies":[{"embeddable":true,"href":"https:\/\/tatuape.hostguiase.com.br\/vinho\/wp-json\/wp\/v2\/comments?post=666"}],"wp:featuredmedia":[{"embeddable":true,"href":"https:\/\/tatuape.hostguiase.com.br\/vinho\/wp-json\/wp\/v2\/media\/658"}],"wp:attachment":[{"href":"https:\/\/tatuape.hostguiase.com.br\/vinho\/wp-json\/wp\/v2\/media?parent=666"}],"wp:term":[{"taxonomy":"product_cat","embeddable":true,"href":"https:\/\/tatuape.hostguiase.com.br\/vinho\/wp-json\/wp\/v2\/product_cat?post=666"},{"taxonomy":"product_tag","embeddable":true,"href":"https:\/\/tatuape.hostguiase.com.br\/vinho\/wp-json\/wp\/v2\/product_tag?post=666"}],"curies":[{"name":"wp","href":"https:\/\/api.w.org\/{rel}","templated":true}]}}