{"id":675,"date":"2023-01-09T19:09:27","date_gmt":"2023-01-09T19:09:27","guid":{"rendered":"https:\/\/tatuape.hostguiase.com.br\/vinho\/?post_type=product&#038;p=675"},"modified":"2023-01-25T01:08:58","modified_gmt":"2023-01-25T01:08:58","slug":"vinho-tinto-chileno-alto-del-valle-750ml","status":"publish","type":"product","link":"https:\/\/tatuape.hostguiase.com.br\/vinho\/produto\/vinho-tinto-chileno-alto-del-valle-750ml\/","title":{"rendered":"Vinho Tinto Chileno Alto del Valle &#8211; 750ml"},"content":{"rendered":"<p>A <strong>Ler e Vinhos<\/strong> traz para voc\u00ea o Tinto Chileno Alto Del Valle. Vinho equilibrado, com taninos maduros e macios. As uvas se originam no vinhedo Villa Alegre, no Vale do Maule, a 258 quil\u00f4metros de Santiago. O solo de origem vulc\u00e2nica \u00e9 um diferencial para a elabora\u00e7\u00e3o desse exemplar.<\/p>\n<p>&nbsp;<\/p>\n<p><strong>Harmoniza\u00e7\u00e3o: <\/strong>\u00d3timo para carnes vermelhas magras e massas com molho vermelho.<\/p>\n<p>&nbsp;<\/p>\n<p>&nbsp;<\/p>\n<p>A VENDA DE BEBIDAS ALCO\u00d3LICAS \u00c9 PROIBIDA PARA MENORES DE 18 ANOS. BEBA COM MODERA\u00c7\u00c3O.<\/p>\n","protected":false},"excerpt":{"rendered":"<p>A Ler e Vinhos traz para voc\u00ea o Tinto Chileno Alto Del Valle. Vinho equilibrado, com taninos maduros e macios. As uvas se originam no vinhedo Villa Alegre, no Vale do Maule, a 258 quil\u00f4metros de Santiago. O solo de origem vulc\u00e2nica \u00e9 um diferencial para a elabora\u00e7\u00e3o desse exemplar. &nbsp; Harmoniza\u00e7\u00e3o: \u00d3timo para carnes [&hellip;]<\/p>\n","protected":false},"featured_media":651,"comment_status":"open","ping_status":"closed","template":"","meta":[],"product_cat":[78,51,46],"product_tag":[38,43,42,36,39,37,41,40,35],"class_list":["post-675","product","type-product","status-publish","has-post-thumbnail","hentry","product_cat-uvas-tintas","product_cat-chile","product_cat-vinho-tinto","product_tag-espumantes","product_tag-vinho-cabernet-sauvignon","product_tag-vinho-malbec","product_tag-vinhos-brancos","product_tag-vinhos-do-porto","product_tag-vinhos-roses","product_tag-vinhos-secos","product_tag-vinhos-suaves","product_tag-vinhos-tintos"],"_links":{"self":[{"href":"https:\/\/tatuape.hostguiase.com.br\/vinho\/wp-json\/wp\/v2\/product\/675","targetHints":{"allow":["GET"]}}],"collection":[{"href":"https:\/\/tatuape.hostguiase.com.br\/vinho\/wp-json\/wp\/v2\/product"}],"about":[{"href":"https:\/\/tatuape.hostguiase.com.br\/vinho\/wp-json\/wp\/v2\/types\/product"}],"replies":[{"embeddable":true,"href":"https:\/\/tatuape.hostguiase.com.br\/vinho\/wp-json\/wp\/v2\/comments?post=675"}],"wp:featuredmedia":[{"embeddable":true,"href":"https:\/\/tatuape.hostguiase.com.br\/vinho\/wp-json\/wp\/v2\/media\/651"}],"wp:attachment":[{"href":"https:\/\/tatuape.hostguiase.com.br\/vinho\/wp-json\/wp\/v2\/media?parent=675"}],"wp:term":[{"taxonomy":"product_cat","embeddable":true,"href":"https:\/\/tatuape.hostguiase.com.br\/vinho\/wp-json\/wp\/v2\/product_cat?post=675"},{"taxonomy":"product_tag","embeddable":true,"href":"https:\/\/tatuape.hostguiase.com.br\/vinho\/wp-json\/wp\/v2\/product_tag?post=675"}],"curies":[{"name":"wp","href":"https:\/\/api.w.org\/{rel}","templated":true}]}}