{"id":677,"date":"2023-01-09T19:18:25","date_gmt":"2023-01-09T19:18:25","guid":{"rendered":"https:\/\/tatuape.hostguiase.com.br\/vinho\/?post_type=product&#038;p=677"},"modified":"2023-01-25T01:21:54","modified_gmt":"2023-01-25T01:21:54","slug":"espumante-gian-franco-rossi-brut-750ml","status":"publish","type":"product","link":"https:\/\/tatuape.hostguiase.com.br\/vinho\/produto\/espumante-gian-franco-rossi-brut-750ml\/","title":{"rendered":"Espumante Gian Franco Rossi Brut &#8211; 750ml"},"content":{"rendered":"<p>A <strong>Ler e Vinhos<\/strong> traz para voc\u00ea o Espumante Brut Gian Franco Rossi . De cor amarelo palha claro, com um aroma floral e ligeiramente frutado, com notas de margarida. De sabor seco, agrad\u00e1vel, bastante mineral, mas macio.<\/p>\n<p>&nbsp;<\/p>\n<p>&nbsp;<\/p>\n<p><strong>Harmoniza\u00e7\u00e3o: S<\/strong>aladas coloridas de folhas e frutas, peixe grelhado ou sandu\u00edches frios.<\/p>\n<p>&nbsp;<\/p>\n<p>&nbsp;<\/p>\n<p>A VENDA DE BEBIDAS ALCO\u00d3LICAS \u00c9 PROIBIDA PARA MENORES DE 18 ANOS. BEBA COM MODERA\u00c7\u00c3O.<\/p>\n","protected":false},"excerpt":{"rendered":"<p>A Ler e Vinhos traz para voc\u00ea o Espumante Brut Gian Franco Rossi . De cor amarelo palha claro, com um aroma floral e ligeiramente frutado, com notas de margarida. De sabor seco, agrad\u00e1vel, bastante mineral, mas macio. &nbsp; &nbsp; Harmoniza\u00e7\u00e3o: Saladas coloridas de folhas e frutas, peixe grelhado ou sandu\u00edches frios. &nbsp; &nbsp; A [&hellip;]<\/p>\n","protected":false},"featured_media":709,"comment_status":"open","ping_status":"closed","template":"","meta":[],"product_cat":[67,73,25],"product_tag":[38,43,42,36,39,37,41,40,35],"class_list":["post-677","product","type-product","status-publish","has-post-thumbnail","hentry","product_cat-chardonnay","product_cat-italia","product_cat-espumante","product_tag-espumantes","product_tag-vinho-cabernet-sauvignon","product_tag-vinho-malbec","product_tag-vinhos-brancos","product_tag-vinhos-do-porto","product_tag-vinhos-roses","product_tag-vinhos-secos","product_tag-vinhos-suaves","product_tag-vinhos-tintos"],"_links":{"self":[{"href":"https:\/\/tatuape.hostguiase.com.br\/vinho\/wp-json\/wp\/v2\/product\/677","targetHints":{"allow":["GET"]}}],"collection":[{"href":"https:\/\/tatuape.hostguiase.com.br\/vinho\/wp-json\/wp\/v2\/product"}],"about":[{"href":"https:\/\/tatuape.hostguiase.com.br\/vinho\/wp-json\/wp\/v2\/types\/product"}],"replies":[{"embeddable":true,"href":"https:\/\/tatuape.hostguiase.com.br\/vinho\/wp-json\/wp\/v2\/comments?post=677"}],"wp:featuredmedia":[{"embeddable":true,"href":"https:\/\/tatuape.hostguiase.com.br\/vinho\/wp-json\/wp\/v2\/media\/709"}],"wp:attachment":[{"href":"https:\/\/tatuape.hostguiase.com.br\/vinho\/wp-json\/wp\/v2\/media?parent=677"}],"wp:term":[{"taxonomy":"product_cat","embeddable":true,"href":"https:\/\/tatuape.hostguiase.com.br\/vinho\/wp-json\/wp\/v2\/product_cat?post=677"},{"taxonomy":"product_tag","embeddable":true,"href":"https:\/\/tatuape.hostguiase.com.br\/vinho\/wp-json\/wp\/v2\/product_tag?post=677"}],"curies":[{"name":"wp","href":"https:\/\/api.w.org\/{rel}","templated":true}]}}